912 and 7335.
489
Calculate the greatest common factor of 7 and 427.
7
What is the highest common factor of 180 and 1860?
60
Calculate the highest common factor of 69 and 23.
23
What is the highest common factor of 15268 and 66?
22
What is the greatest common divisor of 217 and 63?
7
Calculate the highest common divisor of 49 and 392.
49
What is the highest common factor of 91 and 49?
7
What is the highest common divisor of 106 and 78?
2
What is the greatest common divisor of 4208 and 16?
16
What is the greatest common factor of 6208 and 192?
64
What is the greatest common divisor of 18 and 78?
6
Calculate the greatest common factor of 1416 and 8.
8
Calculate the greatest common divisor of 9972 and 36.
36
Calculate the highest common factor of 686 and 392.
98
Calculate the highest common divisor of 344 and 86.
86
What is the greatest common factor of 55400 and 100?
100
What is the highest common divisor of 4956 and 3068?
236
What is the highest common divisor of 7 and 13349?
7
What is the highest common divisor of 342 and 76?
38
Calculate the greatest common factor of 90 and 162.
18
Calculate the highest common factor of 440 and 1180.
20
Calculate the greatest common divisor of 9 and 25101.
9
What is the greatest common factor of 450 and 50?
50
Calculate the greatest common factor of 28 and 42.
14
Calculate the greatest common divisor of 592 and 112.
16
What is the greatest common divisor of 10 and 1910?
10
What is the highest common divisor of 3460 and 300?
20
What is the greatest common factor of 60 and 250?
10
Calculate the greatest common divisor of 32 and 60.
4
Calculate the highest common factor of 83 and 18.
1
Calculate the highest common divisor of 3 and 2517.
3
Calculate the highest common divisor of 48 and 5472.
48
Calculate the greatest common divisor of 1935 and 24.
3
What is the highest common factor of 2052 and 324?
108
What is the highest common divisor of 2006 and 118?
118
What is the highest common divisor of 6 and 216?
6
What is the greatest common factor of 8694 and 140?
14
Calculate the highest common factor of 10769 and 605.
121
What is the highest common factor of 48 and 516?
12
What is the greatest common divisor of 1638 and 2394?
126
What is the highest common divisor of 111 and 6105?
111
Calculate the greatest common factor of 139 and 1.
1
What is the greatest common factor of 8027 and 23?
23
What is the highest common factor of 2720 and 10?
10
What is the greatest common divisor of 273 and 195?
39
What is the greatest common factor of 32 and 368?
16
What is the highest common factor of 5832 and 80?
8
Calculate the greatest common divisor of 130 and 50.
10
Calculate the greatest common divisor of 42 and 98.
14
Calculate the highest common divisor of 4015 and 22.
11
Calculate the greatest common factor of 1834 and 14.
14
What is the greatest common divisor of 83 and 38761?
83
Calculate the greatest common divisor of 9 and 756.
9
Calculate the greatest common factor of 20988 and 3339.
477
What is the greatest common factor of 17919 and 22?
11
What is the greatest common divisor of 42 and 3612?
42
What is the highest common factor of 152 and 6973?
19
What is the greatest common divisor of 3 and 1086?
3
Calculate the highest common divisor of 80 and 48.
16
Calculate the greatest common factor of 270 and 576.
18
What is the highest common divisor of 90 and 23040?
90
Calculate the highest common factor of 45 and 9.
9
What is the highest common factor of 897 and 207?
69
Calculate the highest common factor of 63 and 252.
63
What is the greatest common divisor of 2121 and 273?
21
Calculate the greatest common factor of 925 and 75.
25
Calculate the highest common factor of 4 and 16.
4
Calculate the greatest common divisor of 136 and 24.
8
What is the highest common divisor of 5629 and 26?
13
Calculate the highest common factor of 17 and 459.
17
What is the highest common factor of 310 and 70?
10
Calculate the greatest common divisor of 91 and 63.
7
What is the greatest common factor of 1775 and 50?
25
What is the highest common divisor of 10092 and 87?
87
Calculate the greatest common divisor of 70 and 5915.
35
What is the highest common factor of 4273 and 1?
1
Calculate the highest common factor of 2028 and 24.
12
What is the greatest common factor of 1520 and 19?
19
Calculate the greatest common divisor of 348 and 132.
12
Calculate the highest common factor of 5 and 1355.
5
Calculate the greatest common factor of 55 and 1340.
5
Calculate the greatest common divisor of 992 and 16.
16
Calculate the highest common factor of 1984 and 2232.
248
Calculate the highest common factor of 209 and 76.
19
What is the highest common divisor of 1981 and 28?
7
What is the greatest common divisor of 459 and 27?
27
What is the highest common divisor of 12407 and 19?
19
Calculate the highest common factor of 14 and 189.
7
What is the greatest common divisor of 49 and 2450?
49
Calculate the greatest common divisor of 988 and 152.
76
Calculate the greatest common divisor of 10812 and 102.
102
Calculate the greatest common divisor of 72 and 954.
18
What is the greatest common divisor of 553 and 21?
7
What is the highest common divisor of 5556 and 132?
12
What is the greatest common divisor of 6 and 96?
6
What is the highest common factor of 130 and 190?
10
Calculate the highest common factor of 33780 and 20.
20
What is the greatest common divisor of 68060 and 205?
205
What is the highest common divisor of 100 and 480?
20
What is the greatest common divisor of 60 and 660?
60
Calculate the highest common divisor of 97 and 2425.
97
Calculate the greatest common divisor of 148 and 7918.
74
Calculate the greatest common factor of 215 and 301.
43
What is the highest common divisor of 2363 and 973?
139
What is the highest common factor of 101 and 2727?
101
What is the highest common divisor of 7 and 28399?
7
Calculate the highest common factor of 168 and 35.
7
What is the highest common divisor of 86 and 8?
2
What is the greatest common factor of 1683 and 17?
17
Calculate the highest common factor of 280 and 19768.
56
What is the highest common factor of 560 and 105?
35
What is the greatest common divisor of 171 and 931?
19
What is the highest common divisor of 1790 and 100?
10
What is the greatest common divisor of 104 and 32?
8
Calculate the greatest common factor of 1736 and 3968.
248
What is the greatest common factor of 585 and 3705?
195
What is the greatest common divisor of 6 and 420?
6
What is the greatest common factor of 170 and 10?
10
Calculate the highest common factor of 26 and 377.
13
Calculate the highest common divisor of 549 and 423.
9
What is the greatest common divisor of 57 and 1995?
57
What is the highest common factor of 187 and 781?
11
What is the greatest common factor of 2835 and 280?
35
Calculate the highest common factor of 4 and 24844.
4
What is the highest common factor of 710 and 50?
10
What is the greatest common factor of 256 and 4?
4
What is the highest common factor of 34 and 782?
34
What is the greatest common factor of 39 and 897?
39
What is the greatest common factor of 5451 and 138?
69
Calculate the greatest common divisor of 59 and 14809.
59
What is the highest common divisor of 960 and 15?
15
Calculate the greatest common factor of 196 and 29008.
196
What is the highest common divisor of 40392 and 24?
24
Calculate the greatest common divisor of 19 and 513.
19
What is the greatest common divisor of 77 and 21?
7
What is the greatest common divisor of 4500 and 108?
36
What is the greatest common divisor of 630 and 4140?
90
Calculate the greatest common factor of 216 and 2544.
24
Calculate the greatest common divisor of 80 and 220.
20
What is the greatest common divisor of 21654 and 27?
27
What is the highest common divisor of 9 and 171?
9
Calculate the highest common factor of 65 and 2080.
65
What is the highest common factor of 7 and 77?
7
Calculate the greatest common divisor of 1 and 11.
1
Calculate the highest common factor of 81 and 9801.
81
Calculate the greatest common factor of 184 and 828.
92
Calculate the greatest common divisor of 530 and 25.
5
What is the highest common factor of 4928 and 77?
77
What is the greatest common divisor of 3476 and 264?
44
What is the greatest common factor of 48 and 320?
16